- o = -8. What is the remainder when f is divided by 3?
1
Let k = -51 + 79. Let x = k - 17. Calculate the remainder when x is divided by 6.
5
Let n be 10/40 + (-13)/4. What is the remainder when 39 is divided by 198/10 + n/(-15)?
19
Suppose -4*y + 7*y - 12 = 0. Let l be 2/y - (-18)/4. Let a(z) = z**2 + z - 3. Calculate the remainder when a(l) is divided by 14.
13
Let n(c) = c**2 + 10*c - 58. Calculate the remainder when n(-21) is divided by 29.
28
Let c = 340 - 188. Suppose -8*r + c = -4*r. Calculate the remainder when r is divided by (-1 - (-11)/(-2))*-2.
12
Let f = -7 - -10. Suppose f*x = 3 + 3. What is the remainder when 2 is divided by x?
0
What is the remainder when 47 is divided by ((-2)/(-6))/((-1)/(-30))?
7
Let q be 145/45 + (-4)/18. Suppose 5*t = 5*r - 155, q*r + t - 99 = 2*t. What is the remainder when r is divided by 12?
10
Let s(h) = 15*h + 1. Calculate the remainder when 63 is divided by s(1).
15
Let g = 8 - 6. Suppose 0 = 4*o + 5*k - 193, o + g*o - 3*k - 165 = 0. What is the remainder when o is divided by 18?
16
Let f be (-1)/(-2) - (-10)/4. Suppose f*h = 3*n - 195, 2*n + 2*n - h = 260. Let l = n - 27. Calculate the remainder when l is divided by 13.
12
Let p(y) = 0*y + 0*y - 8*y**2 + 14*y**2 - 1. What is the remainder when 19 is divided by p(1)?
4
Calculate the remainder when 36 is divided by (30/8)/((-15)/(-40) + 0).
6
Let l(m) = 1 + 1 + 11*m**2 - 4 - 2*m + 3. Calculate the remainder when 19 is divided by l(1).
9
Suppose -7*u + 4*u + 63 = 0. Calculate the remainder when 83 is divided by u.
20
Let v(l) = 5 + 8*l + l - 6*l**3 + l**2 + 8*l**2 + 5*l**3. Calculate the remainder when v(9) is divided by 29.
28
Let q(k) = -7*k**3 + 2*k**2 + 2*k + 1. Let h(x) = -x**3 - 2*x**2 + 3*x - 2. Let z be h(-3). Calculate the remainder when q(z) is divided by 21.
19
Suppose 0*y + y = 3*p + 3, -4*p - 2*y + 6 = 0. Let j be 1*-2*(-5)/2. Suppose 3*h - 30 = j*b - p, 30 = 3*h - b. What is the remainder when 29 is divided by h?
9
Suppose n = -0*o - 2*o + 19, -2*o + 3*n - 1 = 0. What is the remainder when 10 is divided by o?
3
Let b = -8 + 11. Let a be (-2)/(-6)*(10 - 4). Suppose 0 = -5*d + 15, a*d = -3*o + 3*d + 12. Calculate the remainder when o is divided by b.
2
Let i be (-3 + 3)/(3 + -4). Suppose 5*c - 20 = i, -4*z - z = c - 259. What is the remainder when z is divided by 18?
15
Suppose 11 = r - 9. Suppose 0 = 5*j - 4 + 24, r = 4*z - 2*j. Let w = -2 + z. Calculate the remainder when 1 is divided by w.
0
Suppose -4*z + 150 = -2*k, -z - 3*z = 2*k + 182. Let c be (-12)/54 + k/(-9). What is the remainder when (c + -3 - 0) + 3 is divided by 5?
4
Let a = -25 + 70. Suppose -a = 2*y - 177. Calculate the remainder when y is divided by 17.
15
Calculate the remainder when -5 - -4 - (-144)/3 is divided by 12.
11
Let b(o) = o**3 + 5*o**2 + 3*o - 3. Let m be b(-3). Suppose l + 11 = -3*q, l + 5*q = m*l - 5. What is the remainder when 23 is divided by 1 + l + 13 - 0?
11
Let k = -41 + 118. Let a = 64 + -44. What is the remainder when k is divided by a?
17
Suppose -4*i = -3*i - 7. Let a(f) be the second derivative of -f**3/3 - f**2/2 - 2*f. What is the remainder when a(-6) is divided by i?
4
Let v = 44 - 31. Suppose 2*w = -4*m + 4*w + 20, 0 = 5*w + 10. Calculate the remainder when v is divided by m.
1
Suppose -3*b = 3*f - 60, 3*f + 0 = -b + 24. What is the remainder when 86 is divided by b?
14
Let q(c) = -c + 18. What is the remainder when q(-4) is divided by 6?
4
Let x = -36 + 63. Let o = 0 - -2. What is the remainder when x is divided by (1*16)/o - 1?
6
Let f = 68 + -23. Suppose 3*y + 0*y = f. What is the remainder when 27 is divided by y?
12
Suppose 1 = -2*q + 45. Suppose h = -2*v - 10, -3*h - 4*v = -0*v + q. Calculate the remainder when 4 is divided by (0 - -3) + h + 2.
1
Let o(x) = 26*x - 1. Let r be o(-4). Let l be (-4)/(r/51 - -2). Let a = l + -37. What is the remainder when a is divided by 11?
9
Let n = 255 - 37. Suppose -3*v + n = 74. What is the remainder when v is divided by 13?
9
Let g be (-3)/(-3 - (-19)/6). Let s(k) = -k**3 - 7*k**2 - 6*k + 3. Let q be s(-6). Calculate the remainder when 4 is divided by q*(-2)/g*6.
0
What is the remainder when 63 is divided by (0 + -96)*(-1)/3?
31
Let b(i) = i**3 + 5*i**2 - 3. Let g be b(-4). Let q = g + 9. What is the remainder when q is divided by 14*(-1)/((-7)/6)?
10
Suppose 4*x - 67 = 137. What is the remainder when x is divided by 13?
12
Let j be 4/14 - 9/7. Calculate the remainder when j/((1/7)/(-1)) is divided by (-1)/3 - 20/(-6).
1
Let s be (-6)/4*552/(-18). Calculate the remainder when 44 is divided by 1/(2 + (-90)/s).
21
Suppose 0 = -2*d + 4*a - 18, d = 3*a + 11 - 25. What is the remainder when d is divided by -3 + (-20)/((-20)/4)?
0
Suppose -3*i + 0*i + 180 = 0. Suppose -5*p + o = -3*o - i, 4*o = 3*p - 28. Suppose -7*k = -3*k - 36. Calculate the remainder when p is divided by k.
7
Suppose -4*y + 12 = -12. What is the remainder when 23 is divided by y?
5
Suppose -2*o + 35 = -5. Suppose 3*c = c + o. Suppose 0*g - 2*g = -c. Calculate the remainder when 14 is divided by g.
4
Let z(g) = -4*g**2 - 2*g + 11. Let x(l) = -9*l**2 - 4*l + 23. Let p(w) = 3*x(w) - 7*z(w). What is the remainder when p(-6) is divided by 9?
7
Let u(z) = 4*z + 3. What is the remainder when u(9) is divided by 11?
6
Let f = -1 + 3. Suppose 2*o + f*o = 100. What is the remainder when 73 is divided by o?
23
Let k = 10 + -4. What is the remainder when 34 is divided by (-1 - -19)*k/12?
7
Suppose l - 4*l + 15 = 0. Let d = 3 - l. What is the remainder when d/3*(-75)/2 is divided by 9?
7
Let z = -45 + 74. Let w(v) = v**3 + 6*v**2 - 7*v + 10. What is the remainder when z is divided by w(-7)?
9
Suppose 99 = 6*t - 93. What is the remainder when 124 is divided by t?
28
Suppose 0 = 3*v - 5*l - 49, -2*v + l + 31 = -2*l. Calculate the remainder when 29 is divided by v.
5
Let s = -22 - -58. Let w = -4 + 7. Suppose 0 = 4*a - 4*u - s, w*u + 6 = 2*a + 4*u. What is the remainder when 9 is divided by a?
4
Let i = -9 - -18. Let l = 358 - 180. Suppose 160 = 5*a + 5*n, 5*a + n = 5*n + l. Calculate the remainder when a is divided by i.
7
Let f = -9 + 16. Let g(i) = i**2 + 9*i + 5. What is the remainder when f is divided by g(-9)?
2
Let x(g) = g + 11. Let y be x(-11). Suppose -4*f + 29 + 75 = y. Calculate the remainder when f is divided by (-123)/(-9) - (-2)/6.
12
Suppose 3*a = -4*a + 77. Calculate the remainder when a is divided by 26/7 + (-4)/(-14).
3
Let u(w) = 11*w**2 - 1 + 10*w**2 - 7*w**2. What is the remainder when (25 - 1) + (-1 - -2) is divided by u(1)?
12
Let a(n) = n**3 + 4*n**2 - 5*n + 2. Let v be a(-5). Suppose -v*h - 43 = -3*h. What is the remainder when h is divided by 15?
13
Calculate the remainder when 8 is divided by (1 + -1 + 1)*(2 - -3).
3
Calculate the remainder when (0 + -3)/(42/(-490)) is divided by 6.
5
Suppose 2*r - 2*m - 30 = 0, 2*r = -2*r + 5*m + 60. Let d = -5 - -7. Suppose -3 = -d*l + 13. What is the remainder when r is divided by l?
7
Let h = 90 + -66. What is the remainder when 71 is divided by h?
23
Let t = 6 - 3. Let s(w) = 11*w - 1. What is the remainder when s(t) is divided by 11?
10
Suppose 29 = -3*n + 5*d + 72, -d - 63 = -4*n. Suppose -5*c + 4 + 11 = 0. Suppose -150 = -c*k - 2*k. What is the remainder when k is divided by n?
14
Let m(t) = -t**2 - 40*t - 7. Let i(b) = -9*b. Calculate the remainder when m(-38) is divided by i(-2).
15
What is the remainder when 5 is divided by 26/8 - (-24)/32?
1
Calculate the remainder when -20*(-1)/(-3)*-3 is divided by 6.
2
Let i(r) = r + 6. Let j be i(-10). Let k(t) = -t**3 - 4*t**2 - t - 1. What is the remainder when 5 is divided by k(j)?
2
Let r = 40 + 50. Calculate the remainder when r is divided by 25.
15
Let y(t) = 3*t. Let d be y(-1). Let v = d + 6. Suppose -9 = 4*s + 3*j - 29, -s - v*j = -14. Calculate the remainder when 3 is divided by s.
1
Suppose -307 = -5*b + p, -2 = -p - 4. What is the remainder when b is divided by 31?
30
Suppose 4*a = 90 + 34. Let r = -19 + a. Suppose -4*q + 198 - 10 = 0. What is the remainder when q is divided by r?
11
Suppose 4*y + 10 + 6 = 0, -4*y - 1 = 3*x. What is the remainder when 22 is divided by x?
2
Let b = -29 - -42. What is the remainder when 50 is divided by b?
11
Let y be 80/35 - 4/14. Suppose 5*r = 2*q + 27, -3*r + 3*q + y = -r. What is the remainde